{"id":156,"date":"2026-03-02T10:23:59","date_gmt":"2026-03-02T10:23:59","guid":{"rendered":"https:\/\/www.stiftunggutesleben.org\/?page_id=156"},"modified":"2026-03-02T10:23:59","modified_gmt":"2026-03-02T10:23:59","slug":"bros-for-change","status":"publish","type":"page","link":"https:\/\/www.stiftunggutesleben.org\/index.php\/bros-for-change\/","title":{"rendered":"Bros for change"},"content":{"rendered":"\n<p>Reduktion des Armutsrisikos um 50% durch Integration in Arbeitswelt und Gesellschaft.<\/p>\n\n\n\n<p>Das Projekt &#8222;Bros for Change&#8220; zielt darauf ab, benachteiligte Burschen ab 14 Jahren durch soziale Innovationen gegen Kinder- und Jugendarmut zu unterst\u00fctzen. \u200b Ziel ist es, das Armutsrisiko um 50 % zu senken und die Integration in Arbeitswelt und Gesellschaft zu f\u00f6rdern. \u200b<\/p>\n\n\n\n<p>Kernpunkte des Programms:<\/p>\n\n\n\n<ul class=\"wp-block-list\">\n<li>F\u00f6rderung von Chancengerechtigkeit, Gewaltfreiheit und Inklusion. \u200b<\/li>\n\n\n\n<li>Vermittlung positiver m\u00e4nnlicher Vorbilder durch erfahrene Coaches aus Sozialarbeit und Privatwirtschaft. \u200b<\/li>\n\n\n\n<li>Wissenschaftlich fundierte Programmentwicklung und Wirkungsmessung. \u200b<\/li>\n\n\n\n<li>Verbesserung der Besch\u00e4ftigungsf\u00e4higkeit, Bewerbungsprozesse und Reduktion der NEET-Quote.<\/li>\n\n\n\n<li>Schulung sozialer Kompetenzen wie Kommunikation, Teamarbeit und pers\u00f6nliche Entwicklung. \u200b<\/li>\n<\/ul>\n\n\n\n<p>Finanzierung durch Schulungsprogramme f\u00fcr Lehrlinge und Vermittlung von Fachkr\u00e4ften an Unternehmen. \u200b Das Projekt ist flexibel und ber\u00fccksichtigt Diversit\u00e4ts- und Genderaspekte. \u200b Laufzeit: August 2024 bis Juli 2026. \u200bDas Projekt wird zur Zeit in Wien vom Verein CoBros durchgef\u00fchrt und geleitet und wird derzeit durch eine F\u00f6rderung von der FFG unterst\u00fctzt. Ob eine weitere F\u00f6rderung m\u00f6glich ist, ist noch offen. Zur Implementierung im Raum Steyr gibt es Gespr\u00e4che.<\/p>\n","protected":false},"excerpt":{"rendered":"<p>Reduktion des Armutsrisikos um 50% durch Integration in Arbeitswelt und Gesellschaft. Das Projekt &#8222;Bros for Change&#8220; zielt darauf ab, benachteiligte Burschen ab 14 Jahren durch soziale Innovationen gegen Kinder- und Jugendarmut zu unterst\u00fctzen. \u200b Ziel ist es, das Armutsrisiko um 50 % zu senken und die Integration in Arbeitswelt und Gesellschaft zu f\u00f6rdern. \u200b Kernpunkte &hellip; <\/p>\n<p class=\"link-more\"><a href=\"https:\/\/www.stiftunggutesleben.org\/index.php\/bros-for-change\/\" class=\"more-link\"><span class=\"screen-reader-text\">\u201eBros for change\u201c<\/span> weiterlesen<\/a><\/p>\n","protected":false},"author":1,"featured_media":0,"parent":0,"menu_order":0,"comment_status":"closed","ping_status":"closed","template":"","meta":{"footnotes":""},"class_list":["post-156","page","type-page","status-publish","hentry"],"_links":{"self":[{"href":"https:\/\/www.stiftunggutesleben.org\/index.php\/wp-json\/wp\/v2\/pages\/156","targetHints":{"allow":["GET"]}}],"collection":[{"href":"https:\/\/www.stiftunggutesleben.org\/index.php\/wp-json\/wp\/v2\/pages"}],"about":[{"href":"https:\/\/www.stiftunggutesleben.org\/index.php\/wp-json\/wp\/v2\/types\/page"}],"author":[{"embeddable":true,"href":"https:\/\/www.stiftunggutesleben.org\/index.php\/wp-json\/wp\/v2\/users\/1"}],"replies":[{"embeddable":true,"href":"https:\/\/www.stiftunggutesleben.org\/index.php\/wp-json\/wp\/v2\/comments?post=156"}],"version-history":[{"count":1,"href":"https:\/\/www.stiftunggutesleben.org\/index.php\/wp-json\/wp\/v2\/pages\/156\/revisions"}],"predecessor-version":[{"id":157,"href":"https:\/\/www.stiftunggutesleben.org\/index.php\/wp-json\/wp\/v2\/pages\/156\/revisions\/157"}],"wp:attachment":[{"href":"https:\/\/www.stiftunggutesleben.org\/index.php\/wp-json\/wp\/v2\/media?parent=156"}],"curies":[{"name":"wp","href":"https:\/\/api.w.org\/{rel}","templated":true}]}}