{"id":159,"date":"2026-03-02T10:30:55","date_gmt":"2026-03-02T10:30:55","guid":{"rendered":"https:\/\/www.stiftunggutesleben.org\/?page_id=159"},"modified":"2026-03-02T10:30:55","modified_gmt":"2026-03-02T10:30:55","slug":"cobros-born-to-care","status":"publish","type":"page","link":"https:\/\/www.stiftunggutesleben.org\/index.php\/cobros-born-to-care\/","title":{"rendered":"CoBros &#8211; Born to Care"},"content":{"rendered":"\n<p>Verantwortungsvolles Miteinander durch Sozialkompetenztraining<\/p>\n\n\n\n<p>Die Gemeinschaftsstiftung \u201eCoBros \u2013 Born to Care\u201c bietet niederschwellige Sozialkompetenz-Trainings durch Sport und Spiel f\u00fcr Burschen und junge M\u00e4nner an. \u200b Ziel ist es, alte, nicht zeitgem\u00e4\u00dfe Rollenbilder zu \u00fcberwinden und neue Orientierung zu schaffen. \u200b CoBros f\u00f6rdert soziale Kompetenzen<\/p>\n\n\n\n<p>wie Respekt, Teamgeist und Verl\u00e4sslichkeit, um die Integration in Gesellschaft und Arbeitswelt zu erleichtern und das Armutsrisiko zu senken. \u200b<\/p>\n\n\n\n<p>Die Organisation plant, ihre Aktivit\u00e4ten von Wien auf andere Bundesl\u00e4nder auszuweiten, darunter eine m\u00f6gliche Au\u00dfenstelle in Steyr. \u200b Der Verein \u201eGutes Leben\u201c will diese Initiative unterst\u00fctzten.<\/p>\n\n\n\n<p><\/p>\n","protected":false},"excerpt":{"rendered":"<p>Verantwortungsvolles Miteinander durch Sozialkompetenztraining Die Gemeinschaftsstiftung \u201eCoBros \u2013 Born to Care\u201c bietet niederschwellige Sozialkompetenz-Trainings durch Sport und Spiel f\u00fcr Burschen und junge M\u00e4nner an. \u200b Ziel ist es, alte, nicht zeitgem\u00e4\u00dfe Rollenbilder zu \u00fcberwinden und neue Orientierung zu schaffen. \u200b CoBros f\u00f6rdert soziale Kompetenzen wie Respekt, Teamgeist und Verl\u00e4sslichkeit, um die Integration in Gesellschaft und &hellip; <\/p>\n<p class=\"link-more\"><a href=\"https:\/\/www.stiftunggutesleben.org\/index.php\/cobros-born-to-care\/\" class=\"more-link\"><span class=\"screen-reader-text\">\u201eCoBros &#8211; Born to Care\u201c<\/span> weiterlesen<\/a><\/p>\n","protected":false},"author":1,"featured_media":0,"parent":0,"menu_order":0,"comment_status":"closed","ping_status":"closed","template":"","meta":{"footnotes":""},"class_list":["post-159","page","type-page","status-publish","hentry"],"_links":{"self":[{"href":"https:\/\/www.stiftunggutesleben.org\/index.php\/wp-json\/wp\/v2\/pages\/159","targetHints":{"allow":["GET"]}}],"collection":[{"href":"https:\/\/www.stiftunggutesleben.org\/index.php\/wp-json\/wp\/v2\/pages"}],"about":[{"href":"https:\/\/www.stiftunggutesleben.org\/index.php\/wp-json\/wp\/v2\/types\/page"}],"author":[{"embeddable":true,"href":"https:\/\/www.stiftunggutesleben.org\/index.php\/wp-json\/wp\/v2\/users\/1"}],"replies":[{"embeddable":true,"href":"https:\/\/www.stiftunggutesleben.org\/index.php\/wp-json\/wp\/v2\/comments?post=159"}],"version-history":[{"count":1,"href":"https:\/\/www.stiftunggutesleben.org\/index.php\/wp-json\/wp\/v2\/pages\/159\/revisions"}],"predecessor-version":[{"id":160,"href":"https:\/\/www.stiftunggutesleben.org\/index.php\/wp-json\/wp\/v2\/pages\/159\/revisions\/160"}],"wp:attachment":[{"href":"https:\/\/www.stiftunggutesleben.org\/index.php\/wp-json\/wp\/v2\/media?parent=159"}],"curies":[{"name":"wp","href":"https:\/\/api.w.org\/{rel}","templated":true}]}}